f 8024 and 59.
59
What is the highest common factor of 14445 and 540?
135
What is the greatest common factor of 1200 and 192?
48
Calculate the greatest common factor of 6 and 363.
3
What is the greatest common factor of 72 and 48?
24
What is the greatest common divisor of 12 and 96?
12
What is the greatest common factor of 5170 and 880?
110
What is the highest common factor of 72 and 3564?
36
What is the greatest common divisor of 370 and 962?
74
What is the highest common divisor of 28 and 13846?
14
Calculate the greatest common divisor of 13644 and 18.
18
Calculate the highest common factor of 938 and 2278.
134
Calculate the greatest common factor of 756 and 28.
28
What is the greatest common factor of 8 and 6552?
8
What is the highest common divisor of 101 and 3131?
101
Calculate the greatest common factor of 2256 and 16168.
376
What is the greatest common factor of 54 and 1998?
54
Calculate the greatest common divisor of 464 and 208.
16
What is the highest common factor of 100 and 30?
10
What is the highest common divisor of 357 and 459?
51
Calculate the greatest common factor of 140 and 196.
28
What is the highest common factor of 3 and 2127?
3
Calculate the highest common divisor of 4 and 17.
1
Calculate the greatest common factor of 104 and 364.
52
Calculate the highest common divisor of 2930 and 90.
10
Calculate the highest common factor of 462 and 33.
33
Calculate the highest common divisor of 2 and 5.
1
Calculate the highest common divisor of 279 and 333.
9
What is the greatest common divisor of 51 and 12?
3
What is the greatest common factor of 10 and 395?
5
What is the highest common factor of 151 and 151?
151
What is the greatest common factor of 122 and 1037?
61
Calculate the highest common factor of 173 and 5017.
173
What is the greatest common factor of 4939 and 22?
11
What is the greatest common factor of 93 and 3255?
93
Calculate the highest common divisor of 66 and 1254.
66
Calculate the greatest common divisor of 174 and 754.
58
What is the greatest common factor of 224 and 14?
14
What is the highest common divisor of 13 and 169?
13
Calculate the highest common factor of 8702 and 38.
38
Calculate the greatest common divisor of 148 and 1702.
74
What is the highest common factor of 777 and 2997?
111
Calculate the highest common factor of 33 and 2541.
33
Calculate the highest common divisor of 16 and 40048.
16
Calculate the greatest common divisor of 130 and 5720.
130
Calculate the highest common divisor of 42 and 6.
6
Calculate the highest common divisor of 9873 and 9.
9
Calculate the highest common divisor of 464 and 29.
29
Calculate the greatest common factor of 216 and 2538.
54
What is the highest common divisor of 11000 and 88?
88
Calculate the greatest common factor of 1014 and 13.
13
Calculate the greatest common factor of 540 and 432.
108
What is the greatest common divisor of 56 and 847?
7
Calculate the highest common factor of 54 and 297.
27
Calculate the highest common divisor of 5211 and 648.
27
Calculate the greatest common divisor of 35 and 434.
7
Calculate the greatest common factor of 204 and 12.
12
What is the greatest common divisor of 134 and 16281?
67
What is the highest common factor of 35 and 3675?
35
What is the greatest common divisor of 126 and 216?
18
Calculate the greatest common factor of 3105 and 918.
27
Calculate the greatest common factor of 13362 and 102.
102
What is the highest common divisor of 1331 and 11?
11
Calculate the highest common divisor of 60 and 3460.
20
Calculate the highest common divisor of 128 and 1296.
16
Calculate the highest common factor of 2256 and 16.
16
What is the greatest common divisor of 40 and 70780?
20
What is the highest common divisor of 24 and 1452?
12
Calculate the highest common divisor of 13 and 65.
13
Calculate the greatest common divisor of 754 and 232.
58
Calculate the greatest common divisor of 2014 and 106.
106
Calculate the greatest common factor of 12 and 5556.
12
Calculate the greatest common factor of 270 and 10.
10
Calculate the highest common divisor of 516 and 3956.
172
Calculate the greatest common divisor of 513 and 19.
19
Calculate the highest common divisor of 8 and 106.
2
What is the greatest common divisor of 35 and 56?
7
Calculate the greatest common factor of 238 and 266.
14
Calculate the greatest common factor of 330 and 550.
110
What is the greatest common factor of 15 and 10?
5
Calculate the highest common factor of 48 and 222.
6
Calculate the highest common factor of 21 and 1092.
21
Calculate the greatest common divisor of 224 and 32.
32
Calculate the greatest common factor of 1215 and 195.
15
What is the greatest common divisor of 83 and 249?
83
Calculate the greatest common factor of 32 and 872.
8
What is the highest common divisor of 161 and 92?
23
Calculate the greatest common factor of 20188 and 103.
103
Calculate the greatest common divisor of 72 and 2568.
24
What is the highest common factor of 100 and 6400?
100
Calculate the highest common divisor of 54 and 144.
18
Calculate the highest common factor of 10250 and 82.
82
What is the highest common factor of 1183 and 182?
91
What is the highest common factor of 96 and 60?
12
Calculate the greatest common factor of 1881 and 2565.
171
Calculate the greatest common factor of 16 and 20.
4
Calculate the highest common factor of 1887 and 111.
111
What is the greatest common divisor of 6 and 21732?
6
Calculate the greatest common factor of 2839 and 3.
1
Calculate the greatest common divisor of 2 and 39.
1
What is the highest common factor of 10021 and 11?
11
Calculate the highest common factor of 850 and 50.
50
What is the greatest common factor of 850 and 204?
34
Calculate the highest common factor of 3383 and 796.
199
What is the highest common factor of 82333 and 293?
293
What is the greatest common factor of 216 and 288?
72
What is the greatest common divisor of 77 and 484?
11
Calculate the highest common factor of 27 and 1026.
27
Calculate the highest common divisor of 1147 and 186.
31
What is the greatest common divisor of 52 and 15964?
52
What is the highest common factor of 14018 and 172?
86
What is the highest common divisor of 56 and 6152?
8
What is the highest common factor of 9 and 5625?
9
Calculate the highest common factor of 765 and 1980.
45
What is the greatest common divisor of 19502 and 98?
98
What is the highest common factor of 90 and 315?
45
What is the greatest common divisor of 203 and 145?
29
What is the greatest common factor of 232 and 29?
29
What is the greatest common factor of 1280 and 16?
16
What is the highest common factor of 368 and 48?
16
What is the greatest common divisor of 44 and 121?
11
What is the highest common divisor of 21 and 1743?
21
Calculate the greatest common factor of 124 and 93.
31
Calculate the greatest common divisor of 840 and 660.
60
Calculate the greatest common factor of 156 and 1014.
78
Calculate the highest common divisor of 1746 and 970.
194
Calculate the highest common divisor of 459 and 243.
27
Calculate the highest common factor of 30 and 980.
10
Calculate the greatest common factor of 15385 and 543.
181
Calculate the highest common factor of 125 and 8375.
125
Calculate the highest common divisor of 3751 and 2178.
121
What is the highest common divisor of 18 and 414?
18
Calculate the greatest common divisor of 62 and 10.
2
Calculate the greatest common divisor of 12 and 852.
12
What is the highest common divisor of 781 and 297?
11
What is the highest common divisor of 21 and 147?
21
Calculate the greatest common factor of 24 and 486.
6
What is the highest common divisor of 301 and 473?
43
Calculate the highest common divisor of 680 and 40.
40
What is the highest common divisor of 209 and 22?
11
What is the highest common divisor of 732 and 168?
12
What is the greatest common divisor of 130 and 1118?
26
Calculate the greatest common factor of 1566 and 54.
54
What is the highest common factor of 2 and 4819?
1
What is the highest common factor of 18 and 171?
9
What is the highest common factor of 427 and 448?
7
What is the greatest common factor of 20 and 1820?
20
Calculate the highest common divisor of 4355 and 67.
67
What is the highest common divisor of 4245 and 75?
15
Calculate the greatest common divisor of 1312 and 41